umber?
False
Suppose 11*n - 15*n = 120. Let s be ((-20)/15)/(1/n). Is 410/s*(52 - 0) prime?
False
Let v be (-15)/6*12/(-15). Suppose -v*r + 1296 = -280. Let l = 253 + r. Is l composite?
True
Suppose -8*p + 10*p + 397189 = -f, -3*f + 397201 = -2*p. Is (0 - (-8)/28) + p/(-28) a composite number?
True
Is 4468016/11 - (13 + (-1680)/132) prime?
True
Suppose 2*w - x + 4*x - 12 = 0, -3 = -3*w + 3*x. Suppose -w*v + 2*i = -37, -5*i - 15 = -2*i. Let r(h) = 3*h**3 - 8*h**2 - 16*h + 4. Is r(v) a prime number?
True
Suppose -5*m - 48875 = 5*p, 19*p + 9759 = -m + 14*p. Is (0 - -2)*m/132*-6 a prime number?
False
Let u(m) be the third derivative of m**6/40 - m**5/10 - m**4/8 - m**3/6 + m**2. Let d(w) = w**2 - 3*w - 23. Let g be d(7). Is u(g) prime?
False
Let y be -5*(-4)/((-20)/(-147)). Is y - (-11 - -6 - -3) prime?
True
Suppose -7*a - 77 = 112. Let t be (-431790)/a - 4/18. Let s = t + -8623. Is s a composite number?
False
Suppose 0 = -4*a - 5*c + 9913301, -1024*a + 5*c = -1022*a - 4956673. Is a a prime number?
False
Let l be 764/6*(-1080)/(-20). Let x = 18175 - l. Is x prime?
True
Suppose -15*w = -11*w + 4*a + 15584, a = 2*w + 7801. Let i = 9060 + w. Is i a prime number?
False
Is -19*2*401/(-2) - 6 composite?
True
Let w(h) = h**3 - 3*h**2 - 4*h. Let l be w(4). Suppose l = 5*y - 6*y + 22. Let m = -15 + y. Is m a prime number?
True
Let y(b) = -2*b - 23. Let q(v) = 6*v + 68. Let x(u) = -5*q(u) - 16*y(u). Let r be x(-9). Suppose -r*t + 2434 = -28216. Is t a prime number?
False
Let d(s) = 303*s**2 + 80*s + 365. Is d(-12) a prime number?
True
Let t = -9092 + 14263. Let i = t - 3670. Is i prime?
False
Let m(f) = f**3 + 27*f**2 - 5*f + 26. Let k(d) be the first derivative of 3*d**2/2 + 6*d + 24. Let v be k(-9). Is m(v) prime?
True
Let f(r) = -r**3 + 132*r**2 + 744*r + 804. Is f(137) prime?
True
Let a = 5512 - 3348. Let w = a - -228. Let j = w + -1253. Is j a composite number?
True
Suppose -496*k = -409*k - 28142934. Is k a composite number?
True
Let r(n) = -5*n - 156. Let j be r(-39). Suppose -j*a = -434110 + 19267. Is a a composite number?
True
Suppose -2*s + s = -c + 23, 0 = 4*c - 2*s - 86. Suppose 5*m - 2*j = 3*j + c, 5*j = -m - 8. Is ((-12)/(-18) + 2699/6)*m a composite number?
True
Let r(o) = o**2 + 9*o + 17. Let y = 2 + -9. Let i be r(y). Suppose -4*s - 2474 - 3677 = -3*k, -6155 = -i*k + 2*s. Is k a composite number?
False
Suppose 4*j = 3*d - 189 + 54, 3*j + 110 = 4*d. Let s be 545*3/(j/(-8)). Suppose -g + 85 + s = 0. Is g prime?
True
Let r(w) = -4*w**2 - 11*w - 12. Let s be r(-6). Let j be 12/(-10)*s/27. Let l(a) = 9*a**2 + a - 3. Is l(j) a composite number?
True
Let v = 2177 + 5882. Is v a prime number?
True
Let t(c) = 852*c**3 + 6*c - 1. Let k be t(2). Suppose 0 = -4*f - 9*m + 12*m + k, 2*f = -2*m + 3424. Is f a prime number?
True
Let t = 150 + -158. Is 168/(-60)*10/t*2218 composite?
True
Suppose -5*g + 8*l + 2227117 = 14*l, 5*g + 5*l - 2227120 = 0. Is g prime?
True
Let k(u) = 346*u**2 - 8*u - 47. Let c be (-4)/(-10)*-10*(8 + -11). Is k(c) prime?
True
Let l(n) = -13*n + 14. Let y(o) = -12*o + 14. Let d(g) = -2*l(g) + 3*y(g). Let i be d(-13). Let c = i + 19. Is c prime?
True
Suppose 3*z + 5*v = 50, 4*v - v - 34 = -2*z. Suppose z*i = 12071 + 8709. Is i prime?
True
Let f be (-18)/(-81) + 137/(-9). Let b = f + 13. Is (2*-371)/b*1 composite?
True
Let b(w) = 200194*w**3 + 7*w**2 - 5*w + 3. Is b(1) a prime number?
False
Is 19/(-361)*0 - (1 + -10212 + -2) prime?
False
Suppose -5*p + 2124 = -2*s, -5 - 1 = -2*s. Let f be 91136/592 + (-18)/(-333). Suppose -4*b + p = -f. Is b a prime number?
False
Let n(d) = -d + 5. Let t be n(5). Let s be ((-210)/(-630))/(1/480). Suppose -3*i = 2*b - 101, t = -5*i - 0*b - 5*b + s. Is i a prime number?
True
Let h(q) = -4*q**2 - 29*q - 17. Let d(a) = -19*a**3 - 2*a**2 + a. Let l be d(1). Let b be h(l). Let x = -358 - b. Is x prime?
False
Suppose l = 3*l - 10. Suppose 0 = l*d - 6717 - 1503. Suppose -7*c + c + d = 0. Is c a prime number?
False
Let i(x) = -533*x + 9. Let a be i(-3). Is ((-13)/4)/(1602/a - 1) composite?
True
Suppose -8 = -9*k - 35. Is (-18)/12*1*5266/k a prime number?
True
Let s = 203632 - -5329. Is s a composite number?
False
Let p(g) = -g**3 - 20*g**2 - 20*g - 5. Let v be p(-19). Suppose 3*b + 451 = -12*y + v*y, y = -5*b + 206. Is y prime?
False
Let c(d) = 3*d - 40. Let r be c(15). Suppose -5*z + r*w + 19875 = 0, z - 19891 = -4*z - 3*w. Is z prime?
False
Let z be (36 - 0)*20/60. Suppose -3805 - 239 = -z*i. Is i prime?
True
Suppose -h - 744549 = -4*y - 87820, 0 = y - 4*h - 164171. Is y composite?
False
Let t = 134286 - 42175. Is t a prime number?
True
Let b(f) = 8549*f**2 - 390*f - 5912. Is b(-15) prime?
True
Let k(n) = -n**3 - 2*n**2 - 3*n + 180. Let w be k(0). Let p = -41 + w. Is p composite?
False
Is 1495061/194 - 9/(-2) a prime number?
False
Suppose -13024 = -3*h - 5*h. Let o be (h*1 - 2)*1. Suppose -269 = -5*p + o. Is p composite?
False
Let v(m) = -2119*m - 9296. Is v(-73) prime?
True
Suppose -2*v + 171 = 4*r - 17, 3*r + 4*v = 136. Suppose 0 = -0*g - 3*g + r. Is 2599/(-4)*8*(-8)/g a prime number?
False
Let u = -77810 + 115851. Is u a prime number?
False
Suppose -z - 104 = -108. Is (-251069)/(-39) + z/3 composite?
True
Let a(k) = -206*k + 335. Suppose 23*y = -493 + 194. Is a(y) a prime number?
False
Is (-5814435)/(-6) - (-105)/(-70) a composite number?
False
Let h = 175896 + -84887. Is h composite?
False
Let f = 40 - 38. Let m(v) = -10 - 11*v + 5*v + 77*v**f + 0*v. Is m(-3) prime?
True
Suppose 2*p = -5*l + 2 - 3, 0 = 2*p + 2*l + 16. Let d(q) = -448*q - 87. Is d(p) composite?
False
Let y = -40479 + 59780. Is y a composite number?
False
Let r be 146/12 - (-365)/438. Suppose -n = 5*o - 13050, 11 - r = -2*o. Is n a prime number?
False
Let a be (-2 - 0 - 2)*(-5)/4. Suppose -2*u + 5*u = a*u. Suppose u = -4*x - 4*x + 712. Is x composite?
False
Let z = -46 - -46. Suppose -7 - 13 = 3*j + 5*a, z = 5*j - a - 4. Suppose -m - 5*i + 1447 = j, 5*m + 1044 = -2*i + 8233. Is m a composite number?
True
Suppose 6907014 = -86*n + 165*n - 61*n. Is n a composite number?
False
Let o = 19 + -16. Let h be -3 + o + -2 + -1. Is -1 - (153/h + 4) prime?
False
Let y(n) = 222*n + 2 + 823*n + 2. Suppose 0 = -5*x + 10*x + 2*m + 1, 4*x = 2*m + 10. Is y(x) composite?
False
Suppose -2*k - 4 = -p, p - 5*p = 3*k - 16. Suppose s = 2*q - 3802, 3*q - p*s = -0*q + 5703. Is q a prime number?
True
Let t(z) = 63191*z - 635. Is t(2) composite?
True
Suppose -28*b = 53*b - 9675207. Is b prime?
True
Let v = -11089 - -23291. Is v prime?
False
Let p(o) = o**3 + 22*o**2 + 6*o - 22. Let w be p(-16). Let m = 9789 + w. Is m composite?
True
Suppose -242*g = -15*g - 7645133. Is g a prime number?
True
Let i be 5 - 10*3/(-6) - 25. Let d(p) = -1 - p**3 + 19*p**2 - 1 - 4*p - 27. Is d(i) composite?
False
Let n(f) = f**2. Suppose 11 = -3*w - 4, 0 = m - 3*w - 14. Let h(x) = -46*x**2 + 3*x - 23. Let i(a) = m*h(a) + n(a). Is i(-6) prime?
True
Let t(d) = 7954*d + 7487. Is t(14) prime?
True
Suppose 3*y + 2*h + 25 = -0*y, -y = -2*h - 5. Suppose -5*s + 26 - 236 = 0. Let l = y - s. Is l a prime number?
True
Let h be 30/(-25)*5/(-2). Is (-587)/(-2) - 5/(h + 7) a composite number?
False
Suppose -4*a - a = -a. Suppose 2*m = 5*w - 220, -4*m + 0*m + 5*w - 440 = a. Let r = 163 + m. Is r prime?
True
Let z = -52 + 54. Let u(p) = 95*p**2 - 42*p**z - 45*p**2 + 3 + 8*p. Is u(-2) a prime number?
True
Suppose 4*q = 3*l - 22213, -50737 = -4*l + q - 21098. Let b = -3962 + l. Is b a prime number?
True
Let w = 25769 - 54710. Let b be (w/(-12)*-2)/(1/(-2)). Suppose 10*i = -i + b. Is i prime?
True
Suppose 6372 = -2*r - p, -r - 3181 = -2*p + 5*p. Let v = r - -6698. Is v a prime number?
True
Let c be (0 - (1 - 1))/(156/(-78)). Suppose 10479 = 3*w - 3*m + 3720, c = 5*m + 10. Is w a prime number?
True
Let a(m) = -7*m + 11. Let q be a(6). Let p = q + 31. Suppose -12*y + 3*y + 6597 = p. Is y a composite number?
False
Suppose -12*k + 128 = -13*k. Let o = -272 - k. Let a = 203 + o. Is a a composite number?
False
Suppose 4*p + 8976 = 7*p. Let n be ((-1)/3)/(6/9)*p. Let h = n - -2867. Is h a composite number?
True
Let b(m) = 766*m + 34. Let w be b(-3). Let z = w - -5203. Is z a composite number?
False
Suppose -4*w + 5*w - 5 = 0. Let k(f) = w + f**3 - f**2 + 1 - 5 - 2*f + 3*f. Is k(2) prime?
True
Let g(c) = -40*c -